 (-4 + 4)) + -4 + -2?
-7
What is the value of -2 + (13 - (16 + -3 + (4 - 8)))?
2
What is (1 - (7 + 1)) + 96 + -84?
5
Calculate -6 + -1 + (21 - 3) + 3 + -8.
6
Evaluate 15 - (7 - (-2 + 9)).
15
80 - 55 - (5 - ((-11 - 0) + 4))
13
Calculate 7 + (-40 - (17 - 27)).
-23
What is -6 - -6 - (-11 - (6 - 13)) - 7?
-3
What is 8 + (-9 - (-7 + (7 - 0) + -8))?
7
What is the value of -35 + ((-2 - 0) + 17 - -3)?
-17
Calculate (-11 - 0) + -2 - (-252 + 216).
23
-21 + 22 + (-3 - -3 - 0) + 5
6
Evaluate 5 - ((-8 - -18) + -8 + -13).
16
What is -5 + -13 + -14 - -20?
-12
(-48 + 80 - 35) + (3 - 18)
-18
-41 - (-11 - (-4 - -10))
-24
Calculate (-42 - -33 - (15 - 0)) + (6 - -1).
-17
(1 - (-16 - 1)) + -13
5
Evaluate 14 - 2 - (392 - 365).
-15
What is the value of -3 - ((13 - 8) + -10 + 10)?
-8
-21 - -4 - (-2 - 4)
-11
Evaluate -38 + 31 - (11 - 4 - 29).
15
Calculate (1 - -9 - (11 + 31 + -36)) + 4.
8
What is the value of (11 + 6 + -9 + 5 - 7) + -15?
-9
(33 - 17 - 14) + -3 + 1 + 6
6
-8 + 9 + 5 + -7
-1
What is the value of 14 + 0 - (3 + (-3 - (0 + -4)))?
10
Calculate -19 - (20 + 0 + -41).
2
Calculate -36 + (2 - 1) - (14 + 25 + -41).
-33
Calculate (6 + -7 - 5) + (-1 - -2).
-5
(-2 - (-9 + -1) - 0 - -1) + -5
4
Calculate (9 - -2) + (12 - 25) - 6.
-8
-1 + 13 + (-34 + 3 - -2 - 8)
-25
7 + -7 + (8 - 1) + -7
0
What is -21 + -52 + 35 + 64?
26
What is the value of -1 + ((8 - 22) + 1 - -8) - 0?
-6
Calculate 2 - 1 - (17 + -1) - (8499 + -8506).
-8
What is the value of -15 + 9 - (-47 + 25)?
16
What is (-1 - (24 + -9)) + 12?
-4
Evaluate -1 - -1 - (-46 - -50) - (-12 + -1).
9
What is the value of 20 - (-13 + 39 - -8)?
-14
1 + -1 + -2 - (-63 + 65)
-4
(56 - 104) + 57 + (-2 + 1 - 40)
-32
What is -1 + -2 + 6 + 5 + 3?
11
What is the value of 11 - (18 - 22 - -5)?
10
7 + -2 + 5 + -14
-4
What is the value of (-13 - (-8 + 8)) + (2 - -2 - -1)?
-8
Evaluate -1 - (-8 + 12 + 3 + -13 + 3).
2
What is (-10 - (-2 + -2)) + -2 - (3 + 2)?
-13
Evaluate -59 - -41 - (10 + -33).
5
Evaluate (9 + (7 - 14) - (3 + 2)) + -6.
-9
Evaluate -22 - -34 - (0 - (-9 + (3 - 0))).
6
What is the value of -3 - (0 - (-9 + 7))?
-5
(-5 - -21) + -6 + -2
8
Calculate 8 - 4 - ((6 - (0 + 5)) + 2).
1
What is -46 - -40 - (0 + (0 - 3)) - 7?
-10
Calculate -6 - (-36 + (19 - -5)).
6
What is -23 - (-10 - -12 - 12)?
-13
What is the value of 54 - 25 - (11 + -7 + 3 + -5)?
27
Calculate -8 - (-10 + -10) - 29.
-17
-30 + (8 - -8) - (-2 - 0)
-12
Calculate -13 - (-20 - (-24 + 9)) - (-2 + -13).
7
What is the value of (34 - (-10 + 91)) + 25?
-22
What is -18 + (-12 - -29) + -2 - (-26 - -1)?
22
Calculate 8 + (-9 - (2 + 7 + 2 - 7)).
-5
What is (2 - (-4 - 0)) + (-4 - 3) + 10?
9
-9 - (-33 + 39) - -18
3
What is the value of 888 + -874 + (-1 + 0 - -1)?
14
What is the value of 23 + -16 + -11 + (5 - -1)?
2
What is 8 + (-1 - (0 - 3) - (5 - -1))?
4
Calculate -9 - (-2 + 0 + 6 - (-217 - -221)).
-9
What is 3 - (8 + -11 + 11 + 7 + 4)?
-16
What is -13 - (-7 + 2 + 26) - -10?
-24
What is -9 - ((8 - 7) + -8 - 9)?
7
Evaluate 14 - -3 - (-49 - (-41 + -20)).
5
Evaluate 11 - (12 - 6 - (13 - 29)).
-11
11 + 0 - -2 - (10 + (-3 - 3))
9
What is 21 - (8 + -15 + 7)?
21
Evaluate -1 - 7 - (3 + -8 - (9 + -17)).
-11
5 + -4 + 10 + 0
11
(-16 - (-2 + 3 + -5)) + (25 - 17)
-4
Evaluate (-2 + 4 - -6) + (-268 - -258).
-2
Calculate (7 - 4) + -4 + (-10 - (4 - 6)).
-9
What is the value of -9 - (2 + -2) - (4164 + -4166)?
-7
What is 12 + -12 + 12 - 6?
6
What is 27 - (7 + (9 - 6) + -5)?
22
Evaluate 14 - (-18 - (1 + -5) - (-23 - -15)).
20
Calculate -52 - (18 - 49) - -7.
-14
Evaluate (-6 - -20) + -2 + 7 - 33.
-14
Evaluate -49 + 19 + -8 + 31.
-7
Evaluate (2 - (-2 - -2 - -5)) + -6.
-9
What is the value of 29 + (43 - (12 - -20))?
40
What is the value of -4 + 7 + -3 - (-3 - (-9 + -3))?
-9
What is 16 - (15 + (-10 - 1))?
12
What is the value of (-1 - 8 - ((6 - 3) + 3)) + 4?
-11
What is (-27 - -20) + 25 + (16 - 4)?
30
Calculate -4 - (-6 + (-14 - -11)).
5
18 - (17 + -2 + -50 + 48)
5
What is (15 - 36 - -16) + 2 + (0 - 12)?
-15
5 + -66 + 69 + (-3 - 0)
5
What is the value of 3 - (-26 + 6 + 0 + 5 + -3)?
21
What is (1 - 13) + 22 + 3?
13
Evaluate -6 + 23 + -8 - (20 + -7).
-4
What is 18 + (14 - 21) - (1 - 1)?
11
Evaluate (-9 - -6) + (2 - (-4 + 10)).
-7
Calculate (0 + -9 - -2) + 39 + -34 + 0.
-2
Evaluate -3 + -15 + 7 + 21.
10
What is the value of (33 + -12 - 13 - (0 + 29)) + 9?
-12
-13 + 81 + -58 - (18 - 1 - 1)
-6
What is the value of -2 + 5 + 2 + 14 + -3?
16
What is the value of (-12 + -2 - -5) + 1?
-8
What is the value of (3 - (8 + 7 - -1)) + -2 + 4?
-11
What is -35 + 0 + 17 + (28 - -1)?
11
Evaluate 0 - (-2 - 2) - (-15 - -21) - -5.
3
6 - (-2 - -8 - (29 + -47))
-18
8 - (15 - (11 + 7)) - 22
-11
What is the value of -14 - (-18 + -15) - 44?
-25
What is the value of -2 + 8 + -2 + -11 + 14 - 13?
-6
What is 122 + -109 + (-37 - -1) - (-5 + -3)?
-15
(5 + -10 - -2) + 22 - (-1 + 7)
13
Evaluate (-19 + (38 - 5) - 5) + -19.
-10
What is the value of 16 - 2 - (106 + -100)?
8
What is (-7 - (14 + -12)) + 8?
-1
What is -12 + 24 + (-24 - 4)?
-16
-18 + (16 + 14 - 12)
0
Evaluate (320 - 332) + (-6 + 3 - 1).
-16
-7 + 4 - (44 - 31)
-16
-19 + -2 - (11 + (-11 - -3))
-24
Calculate 9 - (10 + 0 - 2).
1
Evaluate 9 + 57 + -12 + -10 + -15.
29
What is the value of 8 + 9 - (-2 - -28)?
-9
-4 - (35 - 19) - -8
-12
What is -12 + 5 + 2 + -2 - -11?
4
What is the value of (-18 - (-1 - -26)) + 22?
-21
Evaluate (-7 - -1) + -204 + 224.
14
Evaluate 4 + 2 - (0 + 12 + 7).
-13
Evaluate (-21 - -13) + (7 - (-9 - -32) - 1).
-25
Calculate (-3 - 1) + -7 + -2 + 7 + -7.
-13
Calculate -11 + 13 + 22 + -6.
18
-78 + 15 + 14 - -27
-22
Evaluate -22 + 44 + (-2 + (10 - 0) - -3).
33
What is the value of 147 + -149 + 0 + 1?
-1
Evaluate -16 + 5 + (-2 - (-2 + 5 + -5)).
-11
What is -9 - (-8 - (-5 - 6)) - -2?
-10
What is (-29 - -6) + (13 - 1) - -5?
-6
(-1 - -9 - -2) + -7 + -8
-5
What is the value of -3 + 7 - (-14 + 26)?
-8
-1 + -5 + -2 - (46 - 63)
9
1 + -14 + (95 - 95)
-13
Evaluate (-2 - -17) + (-10 - (6 - 14)).
13
What is the value of (9 - (-6 - -10 - 1)) + -24?
-18
What is -13 - (0 - (19 - 12))?
-6
(179 - 161) + (-1 - 3) + (-4 - 1)
9
What is the value of 0 - (-3 + -13 + 8) - (-5 + 3)?
10
(1 + (-8 - 0) - 3) + 22 - -12
24
-94 + 70 + 0 + 12
-12
-60 - -16 - ((0 - 21) + 7)
-30
Calculate 2 + 4 - (1 + 1 - (-9 - 2)).
-7
What is (-1 - 18) + (1 + (-2 - -1) - 0)?
-19
Evaluate -5 - -3 - (5 - (18 + -6 - 4)).
1
What is the value of 29 - (11 - 4) - (-3 - -2) - 8?
15
What is 8 + -29 - (-5 - (7 + -10) - 4)?
-15
Evaluate (2 - 18) + 1 + 85 + -86.
-16
What is the value of 0 - (-1 - -22) - (102 + -116)?
-7
Calculate 7 - (5 - (8 + -2) - 2).
10
Evaluate -7 - 1 - (-9 - 1 - -19).
-17
What is (-12 + (-7 - -5) - -4) + 4 - 5?
-11
Evaluate -1 + (-6 - -2) + 11 + (-17 - -6).
-5
(-58 - -38) + 38 - (1 - -4)
13
Calculate -20 + 14 - -38 - (-3 - -9).
26
What is (6 + -5 - (-6 + -4)) + -4 - 11?
-4
(0 - (-2 + 0)) + 34 + -10 + -18
8
-12 + 33 - (-7 + 17)
11
What is the value of 5 + 0 + -72 + 64?
-3
17 + (20 - 75) + (11 - (0 - 0))
-27
Evaluate -18 + 12 - ((44 - 42) + 0 + -45).
37
What is 21 + -54 + 33 - (0 + -2 + 20)?
-18
Calculate (-114 - -126) + -4 + -2 + (-1 - 0).
5
Evaluate (-7 + -2 - 5) + 9 + 14.
9
Evaluate (4 - (2 - 4)) + (6 - 3) + -9.
0
Calculate -14 - -31 - 15 - (3 - -1) - 9.
-11
Evaluate 12 - ((3 - -25) + -22).
6
Calculate 8 + -15 + -6 - (41 - 39).
-15
Calculate -14 + (8 + 4 - 25) + (1 - 3).
-29
What is (2 - (9 - 1)) + (0 - (-7 - -6))?
-5
-40 + 17 - (0 + -12)
-11
What is the value of (-2 - -10) + (-9 + 3 - 10)?
-8
3 + 1 + (1 - ((-11 - -2) + 4))
10
(3 - -1) + (-8 - 0)
-4
Evaluate 5 - (10 + (-6 - (-7 + 3))).
-3
What is the value of -10 + (7 - 2) - 9 - (0 - 4)?
-10
Evaluate 0 - 1 - (9 - 17 - 11).
18
What is the value of 8 + (4 - (-8 - -13)) + (-6 - -1)?
2
-2 - ((5 - 16) + 14)
-5
What is the value of -9 + (-2 - (-1 + -2))?
-8
What is the value of -10 + -3 - (-76 - -57)?
6
Evaluate 11 - (3 + 34 + -15).
-11
Calculate -3 + (2 - -11 - (21 - 25) - 10).
4
What is 7 - (3 + -9 + (1 - (4 + -2)))?
14
Calculate 19 - (1 + (17 - -15)).
-14
Calculate (2 - 4) + (3 - -2) + -10.
-7
Evaluate 11 - (13 + (-7 - -18)).
-13
Calculate 107 - 25 - (43 + 3).
36
Calculate 7 + 1 - (1 + 3 + (-15 - -21)).
-2
What is (361 - 348) + (-17 - -2)?
-2
What is -16 - (4 - 14 - 18)?
12
Calculate -6 - (-8 - (-8 + 3)) - (-2 + -20).
19
What is -6 + 2 + -3 + 2 + -9?
-14
Wh